atest common factor of 1 and 4781543?
1
Calculate the greatest common divisor of 86 and 30279783.
43
What is the greatest common factor of 254652 and 4236?
12
Calculate the greatest common factor of 3814473 and 282.
141
Calculate the highest common divisor of 31300872 and 94.
94
Calculate the greatest common divisor of 58 and 3864215722.
58
What is the highest common factor of 47998 and 259562?
466
Calculate the greatest common factor of 158235 and 6405.
105
Calculate the greatest common divisor of 3074 and 6994198.
106
Calculate the highest common factor of 117149061 and 7367.
139
Calculate the highest common factor of 8938951 and 49.
7
Calculate the highest common divisor of 164 and 3895697.
41
What is the greatest common divisor of 44105934 and 11526?
678
What is the highest common factor of 592 and 18912994?
74
What is the highest common factor of 153334345 and 860?
215
Calculate the greatest common divisor of 4415 and 9116092.
883
What is the highest common divisor of 142417 and 61739?
107
What is the highest common factor of 3429402 and 5781?
141
What is the highest common factor of 36340 and 1666189?
1817
What is the greatest common divisor of 38881284 and 1968?
492
Calculate the highest common divisor of 211815 and 733455.
405
Calculate the greatest common factor of 38440 and 18960.
40
What is the highest common factor of 1188290 and 13571?
331
What is the greatest common factor of 131096106 and 4662?
666
What is the greatest common factor of 199977 and 203988?
573
Calculate the greatest common divisor of 38 and 19862467.
19
Calculate the greatest common factor of 8812766 and 196078.
2686
Calculate the greatest common factor of 759 and 74894831.
253
Calculate the greatest common factor of 727529 and 5192.
649
What is the highest common factor of 120734 and 31482?
106
Calculate the highest common factor of 242226605 and 185.
185
What is the highest common divisor of 113 and 154745138?
113
What is the greatest common divisor of 1793905586 and 4573?
4573
What is the highest common divisor of 307 and 376407788?
307
Calculate the highest common divisor of 12415903 and 93.
31
What is the greatest common factor of 21 and 282648828?
21
Calculate the highest common factor of 222806 and 1899366.
2206
Calculate the greatest common divisor of 9379910 and 60.
10
Calculate the greatest common factor of 1173 and 173311532.
391
What is the highest common factor of 44280 and 150812760?
4920
What is the greatest common divisor of 405 and 20878155?
405
Calculate the highest common factor of 1019672936 and 3922.
3922
Calculate the greatest common divisor of 12625916 and 4533.
1511
Calculate the greatest common divisor of 704 and 185438.
22
Calculate the greatest common divisor of 94022 and 76282.
1774
Calculate the highest common factor of 1825 and 192282.
73
What is the greatest common divisor of 15 and 6088065?
15
Calculate the highest common factor of 391867385 and 430.
215
Calculate the greatest common factor of 484896 and 61872.
48
Calculate the greatest common divisor of 75959407 and 107.
107
Calculate the highest common factor of 968275458 and 162.
162
What is the highest common factor of 949 and 1400575007?
949
What is the highest common factor of 7874208 and 7704?
72
Calculate the greatest common divisor of 45466 and 270290.
358
Calculate the greatest common divisor of 11227760 and 240.
80
What is the highest common divisor of 63 and 19444341?
21
What is the highest common factor of 5632 and 3238752?
352
What is the greatest common divisor of 259129 and 452972?
403
Calculate the greatest common divisor of 5338 and 156058.
314
What is the greatest common divisor of 8970940 and 3872?
484
Calculate the greatest common factor of 16449210 and 270.
270
What is the highest common divisor of 35919660 and 1260?
420
Calculate the greatest common factor of 1184472 and 6048.
72
What is the highest common factor of 1404 and 44057?
13
What is the greatest common factor of 19 and 6609435?
19
What is the highest common divisor of 523773 and 1635642?
9189
What is the greatest common divisor of 7718 and 1028840?
34
Calculate the highest common divisor of 73084 and 3924.
4
What is the greatest common divisor of 42094920 and 180?
60
What is the highest common factor of 1381962 and 12?
6
What is the highest common divisor of 5317 and 186823?
13
What is the highest common divisor of 36771 and 8343?
309
Calculate the greatest common divisor of 976 and 191152.
16
What is the highest common divisor of 7458 and 62652172?
2486
Calculate the greatest common divisor of 3248 and 5206776.
232
Calculate the highest common factor of 51648 and 125085.
807
Calculate the greatest common divisor of 713644652 and 28.
28
What is the greatest common divisor of 200201417 and 5462?
2731
Calculate the highest common factor of 12777700 and 1300.
1300
What is the highest common factor of 539 and 172139?
11
Calculate the highest common factor of 3120 and 6801288.
312
What is the greatest common divisor of 15862 and 11558932?
154
Calculate the greatest common factor of 1766 and 11992023.
883
Calculate the greatest common factor of 328735 and 54302435.
7645
Calculate the highest common factor of 366868 and 23698.
82
What is the greatest common divisor of 6186 and 128806954?
2062
Calculate the highest common factor of 51033677 and 68.
17
Calculate the highest common divisor of 280384 and 88294.
674
Calculate the highest common factor of 66742 and 6446492.
3926
Calculate the highest common factor of 184 and 21525240.
184
Calculate the highest common factor of 49612482 and 36.
18
What is the greatest common factor of 543 and 1861527?
3
Calculate the highest common divisor of 1516083716 and 112.
28
Calculate the greatest common divisor of 611 and 91274.
47
What is the highest common factor of 534 and 65932179?
267
What is the highest common factor of 288153 and 364509?
909
What is the greatest common divisor of 480 and 2082048?
96
Calculate the highest common divisor of 60452 and 9904489.
119
Calculate the greatest common factor of 7638 and 1441974.
402
Calculate the greatest common divisor of 1221788 and 23604.
1124
What is the highest common factor of 50 and 11752225?
25
Calculate the highest common factor of 40449298 and 66434.
1126
Calculate the greatest common divisor of 60080 and 12960.
80
What is the highest common factor of 4230 and 7040130?
1410
Calculate the highest common divisor of 544 and 138088688.
272
What is the greatest common divisor of 5400 and 1466?
2
Calculate the greatest common factor of 12428 and 328081.
13
Calculate the highest common divisor of 80 and 64278560.
80
Calculate the greatest common divisor of 198 and 7456086.
198
Calculate the greatest common factor of 31059 and 17406.
9
What is the greatest common factor of 1921 and 97597?
17
What is the greatest common factor of 153997743 and 2262?
87
What is the highest common divisor of 218122387 and 6041?
6041
Calculate the highest common divisor of 14268 and 92580296.
4756
What is the greatest common divisor of 5426830 and 30?
10
What is the highest common factor of 35828 and 16748?
212
What is the highest common divisor of 24131982 and 5316?
2658
Calculate the greatest common divisor of 1995 and 9023955.
285
What is the highest common divisor of 369 and 1666179?
9
What is the highest common factor of 61698 and 153002?
226
Calculate the highest common divisor of 291609688 and 1192.
1192
Calculate the highest common divisor of 3 and 1157131764.
3
Calculate the greatest common factor of 48 and 362388480.
48
Calculate the highest common divisor of 30032963 and 23.
23
Calculate the highest common factor of 246 and 811968.
6
Calculate the greatest common factor of 66669 and 1190244.
213
What is the highest common divisor of 8679 and 1892811?
789
What is the highest common divisor of 140296 and 126958?
494
What is the highest common factor of 7133704 and 24?
8
Calculate the highest common divisor of 5 and 12825865.
5
Calculate the highest common factor of 55035088 and 2.
2
Calculate the highest common divisor of 372544 and 644288.
64
What is the greatest common factor of 2873 and 179924667?
169
What is the highest common factor of 2105331 and 119?
17
Calculate the greatest common factor of 630527986 and 22.
22
What is the